late k(3).
6
Let v(h) = -h**2 + 98*h + 1320. Determine v(110).
0
Let n(t) = -30*t**2 + 9*t + 2. Calculate n(2).
-100
Let n(i) = 2*i**2 + 113*i - 180. Calculate n(-56).
-236
Let s(y) = 2*y**3 - 38*y**2 - 91*y + 156. Determine s(21).
9
Let l(n) = -365*n - 9116. Determine l(-25).
9
Let i(g) = 5*g**2 + 105*g + 5. What is i(-20)?
-95
Let h(u) = 104*u**3 - 2*u**2 - 8*u + 9. Give h(1).
103
Let k(n) = -65*n + 210. Determine k(6).
-180
Let s(f) = f**3 - 33*f**2 + 33*f + 47. What is s(32)?
79
Let a(i) = i**3 + 24*i**2 + 79*i + 326. Calculate a(-21).
-10
Let l(c) = -3*c**2 - 121*c - 151. Determine l(-39).
5
Let u(l) = -15*l - 181. What is u(-12)?
-1
Let a(r) = -27*r - 153. Calculate a(-14).
225
Let z(t) = 139*t - 386. Calculate z(3).
31
Let p(a) = a**3 + 74*a**2 + 78*a + 612. Determine p(-73).
247
Let u(r) = 4*r**3 - 52*r**2 - 2*r + 32. Calculate u(13).
6
Let g(t) = 14*t**2 + 872*t + 253. Calculate g(-62).
5
Let f(u) = 11*u**2 + 158*u + 62. What is f(-14)?
6
Let q(y) = y**2 + 9*y + 64. Determine q(-8).
56
Let y(a) = 68*a - 36. Determine y(6).
372
Let r(t) = 68*t - 303. Calculate r(5).
37
Let r(w) = w**3 + 4*w**2 - 34*w - 82. Calculate r(-7).
9
Let r(o) = -o**3 + 4*o**2 + 7*o + 1. Calculate r(4).
29
Let d(c) = c**3 + 25*c**2 + 39*c + 29. What is d(-23)?
190
Let t(c) = 2*c**2 - 31*c + 90. Determine t(8).
-30
Let i(a) = -a**3 - 26*a**2 - 64*a + 95. Give i(-23).
-20
Let o(a) = -a**3 + 65*a**2 - 60*a - 242. What is o(64)?
14
Let r(p) = -121*p + 6828. Give r(57).
-69
Let r(n) = -2*n**2 - 3*n + 21. Determine r(0).
21
Let u(f) = -f**3 - 6*f**2 - 612*f - 1799. Calculate u(-3).
10
Let x(y) = 2*y**3 - y**2 + 256*y - 513. Give x(2).
11
Let n(j) = -4*j - 30. Determine n(7).
-58
Let u(r) = -6*r + 103. Calculate u(14).
19
Let i(z) = -z**3 + 19*z**2 + 339*z + 29. Calculate i(-11).
-70
Let t(p) = p**2 - 9*p - 47. Calculate t(13).
5
Let m(p) = -686*p - 21973. Determine m(-32).
-21
Let c(k) = -33*k - 210. Determine c(-8).
54
Let x(g) = 9*g**2 - 96*g + 130. Give x(9).
-5
Let y(k) = 4854*k + 29119. Give y(-6).
-5
Let k(h) = -158*h - 490. Determine k(-4).
142
Let k(y) = 5*y**2 - 839*y - 187. Calculate k(168).
-19
Let j(u) = -2*u**3 - 66*u**2 - 65*u - 12. What is j(-32)?
20
Let c(w) = 1776*w**2 - 10649*w - 2. What is c(6)?
40
Let l(y) = -2906*y - 261537. What is l(-90)?
3
Let m(r) = -4*r**3 - 76*r**2 + r + 5. Calculate m(-19).
-14
Let v(r) = 2*r**2 - 13*r - 191. Give v(-11).
194
Let j(v) = v**3 + 3*v**2 - 5*v - 152. What is j(0)?
-152
Let n(j) = -18*j**2 - 40*j + 1099. Determine n(-9).
1
Let b(i) = -673*i + 3364. Determine b(5).
-1
Let h(t) = t**3 - 8*t**2 + t. Determine h(9).
90
Let x(n) = n**3 - n**2 - 6*n - 9. Give x(3).
-9
Let p(b) = -18*b**2 - 40*b - 41. Calculate p(-1).
-19
Let z(a) = a**2 + 4*a + 24. Determine z(-3).
21
Let c(q) = -q**3 + q**2 - 12*q + 38. Determine c(3).
-16
Let y(d) = -2*d**3 - 28*d**2 + 347*d + 24. Determine y(8).
-16
Let i(v) = -3*v**3 - 4*v**2 + 119*v + 628. Give i(-6).
418
Let c(a) = 2*a**3 + 15*a**2 + 13*a - 14. Give c(-6).
16
Let j(n) = 2*n**2 + 61*n + 23. What is j(-28)?
-117
Let w(m) = 2*m**2 + 89*m - 61. Give w(-45).
-16
Let u(c) = -20*c**2 + 107*c + 310. Determine u(-3).
-191
Let o(s) = 916*s - 4604. Calculate o(5).
-24
Let c(f) = -629*f**3 - 8*f + 10. Determine c(1).
-627
Let r(a) = 32*a + 1674. Give r(-54).
-54
Let z(l) = 2*l**3 + 32*l**2 - 20*l + 200. Give z(-17).
-38
Let x(n) = n**2 + 23*n - 135. What is x(9)?
153
Let j(c) = -223*c + 2443. Calculate j(11).
-10
Let l(b) = b**3 - 46*b**2 + 520*b + 44. What is l(22)?
-132
Let w(k) = -k**2 + 16*k + 267. Calculate w(26).
7
Let m(a) = a**3 - 3*a**2 - 1260*a + 39. Calculate m(37).
-35
Let y(a) = -5*a**2 + 37*a + 127. What is y(16)?
-561
Let y(o) = 12*o - 257. Determine y(49).
331
Let x(l) = -206*l + 2415. Give x(12).
-57
Let y(h) = -190*h + 450. Determine y(2).
70
Let n(x) = x**2 - 13*x + 17. Calculate n(7).
-25
Let r(z) = 22*z**2 + 584*z + 310. Calculate r(-26).
-2
Let i(f) = f**3 - 124*f**2 + 1906*f + 35. Determine i(18).
-1
Let y(x) = -x**2 + 385*x - 2646. Determine y(7).
0
Let k(x) = -x**2 - 46*x - 82. What is k(-43)?
47
Let n(t) = t**3 + 11*t**2 + 71*t + 711. What is n(-11)?
-70
Let c(w) = 7*w**2 + 20*w - 2. Determine c(-6).
130
Let i(o) = 19*o + 47. Calculate i(-1).
28
Let o(l) = 9*l - 68. What is o(-3)?
-95
Let y(d) = 308*d**2 - 18*d - 18. What is y(-1)?
308
Let i(q) = 419*q + 1248. Determine i(-3).
-9
Let p(j) = -5*j**3 - 3*j**2 - 8*j - 53. Calculate p(-4).
251
Let y(p) = 284*p + 14180. Give y(-50).
-20
Let s(x) = -101*x - 10. Determine s(0).
-10
Let c(h) = -h**2 + 151*h - 5668. What is c(72)?
20
Let b(s) = -168*s - 2387. Calculate b(-14).
-35
Let j(n) = -n**2 + 77*n + 832. Determine j(86).
58
Let s(f) = 2*f**2 - 35*f - 60. Calculate s(19).
-3
Let h(c) = -118*c + 2824. Calculate h(24).
-8
Let r(t) = 2*t**2 - 106*t + 168. Determine r(50).
-132
Let k(x) = x**3 - x**2 + 7*x - 25. What is k(3)?
14
Let c(t) = 192*t**2 + 2877*t - 47. Determine c(-15).
-2
Let p(w) = 918*w - 219406. Determine p(239).
-4
Let m(a) = -44*a**2 + 538*a - 2. Calculate m(12).
118
Let h(b) = 2*b**3 + 473*b**2 + 234*b - 456. Determine h(-236).
16
Let h(x) = -x**3 + 16*x**2 + 459*x - 7350. Give h(16).
-6
Let l(g) = g**2 - 767*g + 7556. What is l(10)?
-14
Let z(o) = 2*o**2 + 126*o + 580. What is z(-57)?
-104
Let a(k) = -k + 224. Determine a(52).
172
Let h(z) = 905*z - 9949. Determine h(11).
6
Let f(q) = 1185*q - 10628. Calculate f(9).
37
Let w(t) = 3*t**2 + 65*t + 317. What is w(-11)?
-35
Let u(q) = -q**3 - 6*q**2 - 44*q - 348. Give u(-6).
-84
Let y(k) = 2*k**3 - 108*k**2 + 404*k - 122. Determine y(50).
78
Let i(k) = 6*k**3 - 69*k**2 + 63*k + 4. Give i(1).
4
Let p(z) = -23*z - 11. What is p(-4)?
81
Let o(l) = 587*l - 5322. Determine o(9).
-39
Let t(u) = 12*u**2 + 328*u + 116. Determine t(-27).
8
Let k(t) = -307*t + 2014. Give k(6).
172
Let c(p) = -35*p + 946. Determine c(26).
36
Let l(o) = -o**3 + 39*o**2 - 48*o - 24. Determine l(38).
-404
Let l(y) = 4*y**2 - 16*y - 22. What is l(10)?
218
Let k(b) = -b**2 + 13*b + 163. Calculate k(-9).
-35
Let b(s) = 5*s**2 - 36*s + 72. What is b(2)?
20
Let h(o) = -348*o - 33744. Determine h(-97).
12
Let l(g) = -g**3 - 93*g**2 + 187*g - 277. What is l(-95)?
8
Let o(h) = 2*h - 180. Calculate o(-13).
-206
Let o(i) = i**3 + 13*i**2 + 39*i + 17. What is o(-9)?
-10
Let b(d) = -128*d + 244. Determine b(2).
-12
Let y(m) = -m**2 - 108*m - 2553. Give y(-35).
2
Let t(q) = 154*q + 23. What is t(3)?
485
Let b(y) = -9*y + 117. What is b(-8)?
189
Let z(g) = 179*g + 348. Calculate z(-2).
-10
Let i(f) = -20*f**3 + 14*f + 18. Calculate i(-2).
150
Let u(b) = -121*b**2 + 4*b - 16. Determine u(2).
-492
Let z(k) = 26*k - 39. Determine z(9).
195
Let u(q) = -3*q**2 + 27*q - 16. Give u(7).
26
Let a(g) = -g**3 + 40*g**2 + 893*g - 52. Determine a(-16).
-4
Let z(l) = -l**2 + 66*l + 11. Calculate z(0).
11
Let z(v) = v**2 - 24*v - 114. Give z(27).
-33
Let w(c) = c**3 - 34*c**2 + 279*c - 168. What is w(18)?
-330
Let u(r) = r**2 - 39*r + 155. What is u(34)?
-15
Let u(n) = 2*n**3 - 28*n**2 - 68*n + 572. What is u(15)?
2
Let a(b) = -2*b**3 + 16*b**2 - 26*b - 20. What is a(4)?
4
Let k(y) = 4*y**2 + 299*y - 375. Calculate k(-76).
5
Let q(j) = 29*j - 608. Calculate q(19).
-57
Let p(r) = -9*r**3 - 12*r**2 + 27*r - 7. What is p(-3)?
47
Let q(s) = s**3 + 13*s**2 + 40*s + 166. Calculate q(-11).
-32
Let g(s) = -200*s + 1381. Calculate g(7).
-19
Let v(k) = k**3 + 19*k**2 + 19*k + 734. Give v(-20).
-46
Let g(n) = -n**3 + 156*n**2 - 184*n + 4492. Give g(155).
-3
Let n(q) = -q**2 + 23*q + 956. What is n(32)?
668
Let g(y) = 38*y - 241. Give g(5).
-51
Let a(b) = 230*b - 1469. Calculate a(5).
-319
Let z(l) = l**3 - 29*l**2 - 22*l + 15. What is z(30)?
255
Let y(h) = 80*h**2 + 480*h + 9. What is y(-6)?
9
Let i(p) = p**3 - 13*p**2 + 20*p - 11. What is i(11)?
-33
Let y(i) = 4*i**3 + 7*i**2 + 18*i + 34. What is y(-2)?
-6
Let t(d) = 2*d + 12. Determine t(21).
54
Let n(o) = -238*o - 14. Calculate n(-2).
462
Let h(l) = -2*l**3 + 14*l**2 - 11*l - 13. Give h(6).
-7
Let n(q) = -q**3 + 10*q**2 + 97*q. Determine n(0).
0
Let w(j) = 237*j + 74881. Determine w(-316).
-11
Let a(u) = -2*u**3 - 387*u**2 - 1697*u + 749. What is a(-189)?
-7
Let n(f) = -f**2 - 183*f - 2514. Determine n(-15).
6
Let z(m) = 8*m**2 - 88*m + 28. Determine z(0).
28
Let v(k) 